 + 145975 = 19*d. Suppose d = -35*i + 40*i. Is i a prime number?
True
Let g be (-6)/(-9) + 77/(-3). Is (-2)/5 - 1285/g prime?
False
Let p(f) = 4293*f**3 - 212*f**2. Suppose 2*h + 2*b - 5*b - 439 = 0, -2*b = -h + 222. Let g(u) = 101*u**3 - 5*u**2. Let a(m) = h*g(m) - 5*p(m). Is a(-1) prime?
True
Is (5755/(-1))/(17 - 18) a prime number?
False
Suppose 30*m - 68621 = 23*m. Is m composite?
False
Let x(h) = -292*h**2 - 3*h - 4. Let f(g) = 583*g**2 + 5*g + 9. Let l(t) = 2*f(t) + 5*x(t). Let c be l(-2). Is c/(-12) + (-2)/6 prime?
True
Suppose g = -3*a + 602063, a - 157181 = -4*g + 43492. Is a a prime number?
True
Suppose -2*q = n - 2569, -8*n + 5163 = -6*n - q. Is n composite?
False
Suppose 4*t - 1061 - 1279 = 0. Let h = 926 - t. Is h a composite number?
True
Let b be 642/9*((-212)/8 - -1). Let s = -1268 - b. Is s a composite number?
True
Suppose 0 = 70*g - 69*g + 126. Let a = 164 + g. Is a prime?
False
Suppose -t - 101 = -26. Let m = 162 + t. Is m a prime number?
False
Let q = -1272 - -2489. Is q a composite number?
False
Suppose 16*o = 39*o - 2733481. Is o a prime number?
False
Suppose -2*j + 3*g + g + 1182 = 0, -3*j = -3*g - 1776. Is j a composite number?
False
Suppose 8*f - 7*f - 119 = 0. Let m = f - -8. Is m a prime number?
True
Suppose -146 = 2*p + 3*o - 34, 0 = 5*p + 5*o + 280. Let y be (-2)/7 - 72/p. Let x(k) = 41*k + 2. Is x(y) composite?
False
Let d(s) = s**2 - 8*s + 3. Let r be d(7). Let q be 21/28 - 881/r. Suppose -4*a - q = -1561. Is a a composite number?
True
Suppose 0 = -3*q + 20*q - 12631. Is q composite?
False
Let a(m) = 3*m**2 - 5*m + 115. Is a(0) composite?
True
Let o(r) = 105*r + 9. Let m(l) = -13*l - 1. Let p(c) = 33*m(c) + 4*o(c). Is p(-2) a prime number?
False
Let g(s) = 421*s**2 - 5*s + 4. Let o be (-16)/(-6)*(-3)/2. Let h(z) = 842*z**2 - 11*z + 9. Let y(v) = o*h(v) + 9*g(v). Is y(-1) prime?
False
Suppose 6*s - 34 = 2. Suppose s*l + 2078 = 8*l. Is l a prime number?
True
Let g = 500 + 171. Suppose 2*v - 267 - g = 0. Is v prime?
False
Let c(m) = -2*m**3 - 7*m**2 + 9*m - 3. Let s be c(-6). Suppose 0*t = -t + s. Is t prime?
False
Suppose 5*d - 2*v = 30217 + 26532, 2*d = 3*v + 22693. Is d a prime number?
True
Let q be (-2)/(-2) + (-2 - -2). Let r be q*(0 + (3 - 5)). Is (r/(-6))/(4/3084) a composite number?
False
Let v be (-2 - -7)*(-2 - -3). Suppose -5*h - 2*s - 1007 = 445, -4*s = -v*h - 1446. Let y = 65 - h. Is y a prime number?
False
Let s(a) = -6 - 2*a - a**3 + 0*a + 4*a - 4*a + 11*a**2. Let i be s(10). Suppose -5*x = -7*x + i. Is x composite?
False
Let c(w) = 3*w**2 - 4*w + 10. Let u be c(-9). Suppose 2*s = -y - u, 2*s - 4*s = -2*y - 548. Let t = y - -406. Is t a prime number?
True
Let m(p) = 2*p**2 - 6*p + 6. Let h be m(3). Let a(k) = -k**3 - k**2 + 9*k - 7. Let l be a(h). Let f = l + 332. Is f a prime number?
True
Let m be 2/(-5)*(-120)/(-8). Is 1657 + (4 - (-2 - m)) prime?
True
Let x(b) = 6*b + 41. Let d be x(-7). Is (2*-5830)/(-5) - d a prime number?
True
Let j(m) = -129*m - 12. Let t(x) = 193*x + 18. Let u(q) = -8*j(q) - 5*t(q). Is u(13) prime?
True
Is (-1)/(2 - 7) + (-39576)/(-170) a prime number?
True
Let b be 2 + -1 - 4/(-1). Suppose 3*t = -5*c + 710, 4*c + t + 134 = b*c. Is c composite?
False
Is 106/(-1431) + (-699088)/(-54) prime?
False
Let d = -93 + 222. Suppose 1002 = 9*h + d. Is h prime?
True
Suppose 0 = -4*j - 28 + 128. Let f be 1 + (-3909)/(-6) + (-1)/2. Suppose -2*q = -k - k + f, j = 5*q. Is k a prime number?
True
Let x = 1919 - -1544. Is x a composite number?
False
Let p = 6119 - 127. Suppose 0 = -7*o + 2*o + 4*f + p, 4*f + 12 = 0. Suppose -o = -0*r - 4*r. Is r a prime number?
False
Let d(g) = -g**2 - 83*g - 53. Is d(-38) a composite number?
False
Suppose 2*m + 41469 = -j - 2*j, -5*j = 3*m + 69114. Is j/(-9) - ((-2)/(-3) + 0) composite?
True
Is (26073 - -8) + 4 + -2 a prime number?
True
Suppose 5*g - 95 = -2*t, -3*g - 2*t + 57 = -0*g. Let w = -14 + g. Is (-518)/(-56)*(-1 + w) composite?
False
Let a(r) = r**3 - 4*r**2 - 12*r + 9. Let u(z) = -4*z**3 + 15*z**2 + 49*z - 37. Let d(s) = -9*a(s) - 2*u(s). Is d(6) a prime number?
True
Let v = 52083 - 25666. Is v prime?
True
Let n(m) = 163*m - 10. Let l be n(2). Suppose 0*h = -2*h + l. Is h a prime number?
False
Let n(i) = -2*i**3 + i**2 - 2*i + 2. Let c be n(1). Let j(v) = 10*v**2 + 2*v - 1. Let k be j(c). Suppose 126 = k*q - q. Is q a prime number?
False
Let g be 144/1 - 18/6. Suppose 12*q - g - 4407 = 0. Is q a prime number?
True
Let d(t) = t**2 - 9*t + 9. Let v be d(6). Let s(n) be the second derivative of -9*n**3/2 - 4*n**2 - 10*n. Is s(v) a composite number?
True
Is 1/((-3 - -6)/5709) composite?
True
Suppose -m + 1978 = -3*p + 22839, p - 6949 = -2*m. Is p prime?
False
Let q(m) = -13*m + 38. Let s(c) = c - 25. Let v be s(13). Is q(v) a composite number?
True
Is 1*5297/4*4 a composite number?
False
Is ((1/((-4)/(-97112)))/(-2))/(-1) composite?
True
Let h(r) = 25*r + 107. Let z be h(-4). Suppose 0 = -4*x - 4, 2*k - 3*x - 9 = k. Suppose -k*p - 85 = -z*p. Is p composite?
True
Suppose 3*l - 15 = 8*l + 5*o, -4*o = -5*l + 21. Let n(c) = -70*c**2 - c + 1. Let u be n(l). Let i = -39 - u. Is i composite?
False
Suppose 4*t - 8734 = -4*v + 3*v, 2*v - 6553 = -3*t. Is t composite?
True
Suppose 0 = -10*c + 12877 + 4913. Is c a prime number?
False
Suppose -4*i + 2 = -4*h - 2, i + 2*h - 7 = 0. Is 1 + i + 80 - -3 a prime number?
False
Let s(v) = -39*v + 50. Let p(a) = a**2 + 8*a - 1. Let f be p(-6). Is s(f) prime?
True
Suppose 6391*y - 6387*y = 78188. Is y a prime number?
False
Suppose 52*b = -23*b + 4449975. Is b composite?
False
Suppose 2*t = -15*t + 42415. Is t prime?
False
Suppose 3*t - 1804 = -t + 2*g, -2*t = -3*g - 894. Let i = t - 321. Suppose 13 - i = -f. Is f a composite number?
True
Suppose -233*z + 230*z + 17265 = 0. Is z a composite number?
True
Let p(t) = 269*t - 247. Is p(6) composite?
False
Let r(a) = -a**3 - 4*a**2 + 3*a - 7. Let d be r(-5). Suppose 0 = -2*w - 3*c + 91 + 394, 5*w - 1226 = -d*c. Is w composite?
True
Let i be (61/2)/(5/(-500)). Let d = -1507 - i. Is d a composite number?
False
Suppose 0 + 64 = 4*d. Suppose 14*a - d*a + 2452 = 0. Is a prime?
False
Suppose 2*n - 3*g = 971, -3*n + 353 = 5*g - 1056. Suppose 0 = 4*j - 1490 + n. Is j a composite number?
True
Let w(i) = -390*i - 1. Suppose 4*v + 5*n - 2 + 6 = 0, -v + n = 1. Is w(v) composite?
False
Suppose -31920 = -4*o + o. Suppose 5*r = -5*x + o, 3*r - 8513 = -x - 3*x. Is x prime?
True
Let o be (2 + 84/(-30))/((-2)/22485). Is (((-56)/24)/(-7))/(2/o) composite?
False
Suppose -n + 119 = 2*v - 26, 5*n + v = 698. Let c = -225 + 457. Let f = n + c. Is f composite?
True
Suppose -5*g - 1580 = 4*d - 6837, 3*d = -3*g + 3156. Is g a prime number?
True
Suppose 2*q = 3*q - 1531. Is q a prime number?
True
Let t = -10602 + 63649. Is t prime?
True
Suppose 172 = 2*l + 2*u - 0*u, -5*u - 450 = -5*l. Let z be -2 + (216/28 - 4/(-14)). Suppose -z*c = -2*c - l. Is c composite?
True
Is 4/6*3693543/38 a prime number?
False
Suppose 3*t = f + 34 + 54, 0 = -3*t - 4*f + 98. Is ((-12812)/10)/(t/(-75)) prime?
True
Let h be 1/((-5)/(-20) - (1 + -1)). Suppose 7*f - h*f - 645 = 0. Is f prime?
False
Suppose -4*s - 4*t = -t + 30, 0 = -s - 5*t - 16. Is 8612/s*30/(-20) a composite number?
False
Suppose 0 = -6*n - 0*n. Suppose n = 5*g - 2*u - 489 - 166, 524 = 4*g - u. Is g prime?
True
Suppose 3*w + 1024 = -209. Suppose 3311 = 15*p - 5989. Let t = p + w. Is t composite?
True
Let o = 8 + 6. Is (158/4)/(7/o) a prime number?
True
Let q(j) = j + 5. Let z be q(-4). Suppose -4*o - 3 - z = 4*l, l + 5*o = -13. Is 20/l*(-15)/(-10) a prime number?
False
Let l be (-2)/(-10) + 864/80. Let a = 44 + l. Is a prime?
False
Suppose 4*k + 2*x = 8, -k - 2*x - 3*x = -2. Suppose k*y = -1 + 7. Is y a composite number?
False
Let b(y) = y**3 + y**2 - 2*y + 4. Let t be b(-2). Is (1/2)/(t/632) a composite number?
False
Let p(h) = -72*h**3 + 3*h**2 + 3*h + 1. Suppose g + 62 - 59 = 0. Is p(g) composite?
True
Is (-58988)/(-14) + 21/(-49) composite?
True
Let x be 3 + (-6 - -3) - -7. Let c = x + -13. Is 885/4 - c/(-24) a prime number?
False
Let s(b) = 4*b**2 + 19*b + 54. Let o = 133 + -152. Is s(o) a prime number?
False
Let b be (-140)/(-14)*(-294)/5. Let m = b + 842. Is m a composite number?
True
Let c = 1053 - 502. Suppose -3*a = -5*t - 575, 2*a - c = -a - t. Is a a comp